{"id":105,"date":"2025-04-23T08:26:43","date_gmt":"2025-04-23T08:26:43","guid":{"rendered":"https:\/\/3gimmo.com\/blog\/?page_id=105"},"modified":"2025-07-03T13:58:35","modified_gmt":"2025-07-03T13:58:35","slug":"outils-services-3gimmo","status":"publish","type":"page","link":"https:\/\/3gimmo.com\/blog\/recrutement\/outils-services-3gimmo","title":{"rendered":"Vos outils et services pour r\u00e9ussir chez 3G IMMO"},"content":{"rendered":"\n<p>Chez <strong>3G IMMO<\/strong>, nous mettons \u00e0 votre disposition une gamme compl\u00e8te d&rsquo;outils et de services pour vous accompagner dans votre activit\u00e9 de <strong>mandataire immobilier ind\u00e9pendant<\/strong>. D\u00e9couvrez comment notre r\u00e9seau vous soutient au quotidien.\u200b<\/p>\n\n\n\n<h2 class=\"wp-block-heading\">Logiciel m\u00e9tier 3G IMMO Pro : g\u00e9rez votre activit\u00e9 en toute simplicit\u00e9<\/h2>\n\n\n\n<p>Notre plateforme, d\u00e9velopp\u00e9e en interne et accessible sur tous vos appareils, vous offre :\u200b<\/p>\n\n\n\n<ul class=\"wp-block-list\">\n<li>Un registre \u00e9lectronique des mandats<\/li>\n\n\n\n<li>Un tableau de bord avec reporting d&rsquo;activit\u00e9<\/li>\n\n\n\n<li>La gestion et le partage de vos annonces<\/li>\n\n\n\n<li>L&rsquo;acc\u00e8s \u00e0 des documents utiles pour votre activit\u00e9<\/li>\n\n\n\n<li>Des tutoriels et webinaires pour vous former au quotidien<\/li>\n\n\n\n<li>Une plateforme \u00e9volutive selon vos besoins\u200b<br><\/li>\n<\/ul>\n\n\n\n<div style=\"height:33px\" aria-hidden=\"true\" class=\"wp-block-spacer\"><\/div>\n\n\n\n<h2 class=\"wp-block-heading\">Accompagnement personnalis\u00e9 : un soutien constant pour votre r\u00e9ussite<\/h2>\n\n\n\n<p>Nos \u00e9quipes restent constamment \u00e0 vos c\u00f4t\u00e9s pour vous conseiller, vous renseigner et vous soutenir dans toutes vos d\u00e9marches et interrogations. Nous nous engageons \u00e0 r\u00e9pondre sous 24h (hors weekend) :<\/p>\n\n\n\n<ul class=\"wp-block-list\">\n<li>Une \u00e9quipe de 13 salari\u00e9s au si\u00e8ge, \u00e0 l&rsquo;\u00e9coute et r\u00e9active<\/li>\n\n\n\n<li>Une assistance juridique, administrative et commerciale<\/li>\n\n\n\n<li>Un support technique et informatique<\/li>\n\n\n\n<li>Des formations ALUR propos\u00e9es toute l&rsquo;ann\u00e9e\u200b<\/li>\n\n\n\n<li>Des <a href=\"https:\/\/3gimmo.com\/blog\/recrutement\/accompagnement-marketing\">ateliers<\/a> et webinaires vari\u00e9s<\/li>\n<\/ul>\n\n\n\n<div style=\"height:33px\" aria-hidden=\"true\" class=\"wp-block-spacer\"><\/div>\n\n\n\n<div class=\"wp-block-buttons is-layout-flex wp-block-buttons-is-layout-flex\">\n<div class=\"wp-block-button\"><a class=\"wp-block-button__link wp-element-button\" href=\"https:\/\/3gimmo.com\/blog\/brochure-3gimmo\">\ud83d\udc49 Envie de nous rejoindre ? Contactez-nous d\u00e8s maintenant !<\/a><\/div>\n<\/div>\n\n\n\n<div style=\"height:33px\" aria-hidden=\"true\" class=\"wp-block-spacer\"><\/div>\n\n\n\n<h2 class=\"wp-block-heading\">Partenariats strat\u00e9giques pour optimiser votre activit\u00e9<\/h2>\n\n\n\n<p>Nous collaborons avec des partenaires de confiance pour vous offrir :\u200b<\/p>\n\n\n\n<ul class=\"wp-block-list\">\n<li>Des outils pour vos pr\u00e9sentations d&rsquo;estimations et compte-rendus<\/li>\n\n\n\n<li>Des services de pige<\/li>\n\n\n\n<li>Un registre des mandats et une signature \u00e9lectronique avec <a href=\"https:\/\/mynotary.fr\/\">MyNotary<\/a><\/li>\n\n\n\n<li>Des services de gestion locative<\/li>\n\n\n\n<li>Des solutions pour vos impressions et goodies<\/li>\n\n\n\n<li>Des espaces d\u00e9di\u00e9s sur des portails comme Leboncoin et Seloger<\/li>\n\n\n\n<li>Des avis v\u00e9rifi\u00e9s et certifi\u00e9s via <a href=\"http:\/\/www.immodvisor.com\">Immodvisor<\/a><\/li>\n\n\n\n<li>Des options pour sublimer vos biens (photos, vid\u00e9os, visites virtuelles)\u200b<\/li>\n<\/ul>\n\n\n\n<div style=\"height:33px\" aria-hidden=\"true\" class=\"wp-block-spacer\"><\/div>\n\n\n\n<h2 class=\"wp-block-heading\">Multidiffusion optimis\u00e9e pour maximiser la visibilit\u00e9 de vos annonces<\/h2>\n\n\n\n<p>Le succ\u00e8s de votre carri\u00e8re en tant que <strong>mandataire immobilier ind\u00e9pendant<\/strong> d\u00e9pend avant tout de la port\u00e9e de diffusion de vos annonces.&nbsp;<br>Nous assurons une diffusion efficace de vos annonces gr\u00e2ce \u00e0 :\u200b<\/p>\n\n\n\n<ul class=\"wp-block-list\">\n<li>Des remont\u00e9es automatiques sur Leboncoin et des boosts sur Seloger<\/li>\n\n\n\n<li>Une diffusion sur nos fili\u00e8res m\u00e9tiers 3G IMMO : <a href=\"https:\/\/prestige.3gimmo.com\/\">Prestige<\/a>, <a href=\"https:\/\/commerce.3gimmo.com\/\">Commerce<\/a>, <a href=\"https:\/\/terrain.3gimmo.com\/\">Terrain<\/a>, <a href=\"https:\/\/viager.3gimmo.com\/\">Viager<\/a><\/li>\n\n\n\n<li>Une pr\u00e9sence sur les plus grands portails immobiliers<\/li>\n\n\n\n<li>Une diffusion sur des plateformes sp\u00e9cialis\u00e9es et des sites internationaux\u200b<\/li>\n<\/ul>\n\n\n\n<div style=\"height:43px\" aria-hidden=\"true\" class=\"wp-block-spacer\"><\/div>\n\n\n\n<figure class=\"wp-block-image size-large\"><img loading=\"lazy\" decoding=\"async\" width=\"1024\" height=\"169\" src=\"https:\/\/3gimmo.com\/blog\/wp-content\/uploads\/2025\/04\/Ban_bandeau-recrutement_3gimmo-1024x169.png\" alt=\"\" class=\"wp-image-416\" srcset=\"https:\/\/3gimmo.com\/blog\/wp-content\/uploads\/2025\/04\/Ban_bandeau-recrutement_3gimmo-1024x169.png 1024w, https:\/\/3gimmo.com\/blog\/wp-content\/uploads\/2025\/04\/Ban_bandeau-recrutement_3gimmo-300x50.png 300w, https:\/\/3gimmo.com\/blog\/wp-content\/uploads\/2025\/04\/Ban_bandeau-recrutement_3gimmo-768x127.png 768w, https:\/\/3gimmo.com\/blog\/wp-content\/uploads\/2025\/04\/Ban_bandeau-recrutement_3gimmo.png 1210w\" sizes=\"auto, (max-width: 1024px) 100vw, 1024px\" \/><\/figure>\n\n\n\n<p><\/p>\n","protected":false},"excerpt":{"rendered":"<p>Chez 3G IMMO, nous mettons \u00e0 votre disposition une gamme compl\u00e8te d&rsquo;outils et de services pour vous accompagner dans votre activit\u00e9 de mandataire immobilier ind\u00e9pendant. D\u00e9couvrez comment notre r\u00e9seau vous soutient au quotidien.\u200b Logiciel m\u00e9tier 3G IMMO Pro : g\u00e9rez votre activit\u00e9 en toute simplicit\u00e9 Notre plateforme, d\u00e9velopp\u00e9e en interne et accessible sur tous vos [&hellip;]<\/p>\n","protected":false},"author":1,"featured_media":0,"parent":14,"menu_order":0,"comment_status":"closed","ping_status":"closed","template":"","meta":{"footnotes":""},"class_list":["post-105","page","type-page","status-publish","hentry"],"yoast_head":"<!-- This site is optimized with the Yoast SEO plugin v24.9 - https:\/\/yoast.com\/wordpress\/plugins\/seo\/ -->\n<title>Vos outils et services pour r\u00e9ussir chez 3G IMMO - Blog 3G IMMO<\/title>\n<meta name=\"robots\" content=\"index, follow, max-snippet:-1, max-image-preview:large, max-video-preview:-1\" \/>\n<link rel=\"canonical\" href=\"https:\/\/3gimmo.com\/blog\/recrutement\/outils-services-3gimmo\" \/>\n<meta property=\"og:locale\" content=\"fr_FR\" \/>\n<meta property=\"og:type\" content=\"article\" \/>\n<meta property=\"og:title\" content=\"Vos outils et services pour r\u00e9ussir chez 3G IMMO - Blog 3G IMMO\" \/>\n<meta property=\"og:description\" content=\"Chez 3G IMMO, nous mettons \u00e0 votre disposition une gamme compl\u00e8te d&rsquo;outils et de services pour vous accompagner dans votre activit\u00e9 de mandataire immobilier ind\u00e9pendant. D\u00e9couvrez comment notre r\u00e9seau vous soutient au quotidien.\u200b Logiciel m\u00e9tier 3G IMMO Pro : g\u00e9rez votre activit\u00e9 en toute simplicit\u00e9 Notre plateforme, d\u00e9velopp\u00e9e en interne et accessible sur tous vos [&hellip;]\" \/>\n<meta property=\"og:url\" content=\"https:\/\/3gimmo.com\/blog\/recrutement\/outils-services-3gimmo\" \/>\n<meta property=\"og:site_name\" content=\"Blog 3G IMMO\" \/>\n<meta property=\"article:modified_time\" content=\"2025-07-03T13:58:35+00:00\" \/>\n<meta property=\"og:image\" content=\"https:\/\/3gimmo.com\/blog\/wp-content\/uploads\/2025\/04\/Ban_bandeau-recrutement_3gimmo.png\" \/>\n\t<meta property=\"og:image:width\" content=\"1210\" \/>\n\t<meta property=\"og:image:height\" content=\"200\" \/>\n\t<meta property=\"og:image:type\" content=\"image\/png\" \/>\n<meta name=\"twitter:card\" content=\"summary_large_image\" \/>\n<meta name=\"twitter:label1\" content=\"Est. reading time\" \/>\n\t<meta name=\"twitter:data1\" content=\"2 minutes\" \/>\n<script type=\"application\/ld+json\" class=\"yoast-schema-graph\">{\"@context\":\"https:\/\/schema.org\",\"@graph\":[{\"@type\":\"WebPage\",\"@id\":\"https:\/\/3gimmo.com\/blog\/recrutement\/outils-services-3gimmo\",\"url\":\"https:\/\/3gimmo.com\/blog\/recrutement\/outils-services-3gimmo\",\"name\":\"Vos outils et services pour r\u00e9ussir chez 3G IMMO - Blog 3G IMMO\",\"isPartOf\":{\"@id\":\"https:\/\/3gimmo.com\/blog\/#website\"},\"primaryImageOfPage\":{\"@id\":\"https:\/\/3gimmo.com\/blog\/recrutement\/outils-services-3gimmo#primaryimage\"},\"image\":{\"@id\":\"https:\/\/3gimmo.com\/blog\/recrutement\/outils-services-3gimmo#primaryimage\"},\"thumbnailUrl\":\"https:\/\/3gimmo.com\/blog\/wp-content\/uploads\/2025\/04\/Ban_bandeau-recrutement_3gimmo-1024x169.png\",\"datePublished\":\"2025-04-23T08:26:43+00:00\",\"dateModified\":\"2025-07-03T13:58:35+00:00\",\"breadcrumb\":{\"@id\":\"https:\/\/3gimmo.com\/blog\/recrutement\/outils-services-3gimmo#breadcrumb\"},\"inLanguage\":\"fr-FR\",\"potentialAction\":[{\"@type\":\"ReadAction\",\"target\":[\"https:\/\/3gimmo.com\/blog\/recrutement\/outils-services-3gimmo\"]}]},{\"@type\":\"ImageObject\",\"inLanguage\":\"fr-FR\",\"@id\":\"https:\/\/3gimmo.com\/blog\/recrutement\/outils-services-3gimmo#primaryimage\",\"url\":\"https:\/\/3gimmo.com\/blog\/wp-content\/uploads\/2025\/04\/Ban_bandeau-recrutement_3gimmo.png\",\"contentUrl\":\"https:\/\/3gimmo.com\/blog\/wp-content\/uploads\/2025\/04\/Ban_bandeau-recrutement_3gimmo.png\",\"width\":1210,\"height\":200},{\"@type\":\"BreadcrumbList\",\"@id\":\"https:\/\/3gimmo.com\/blog\/recrutement\/outils-services-3gimmo#breadcrumb\",\"itemListElement\":[{\"@type\":\"ListItem\",\"position\":1,\"name\":\"Home\",\"item\":\"https:\/\/3gimmo.com\/blog\/\"},{\"@type\":\"ListItem\",\"position\":2,\"name\":\"Rejoindre 3G IMMO |\u00a0 R\u00e9seau de mandataires immobiliers\",\"item\":\"https:\/\/3gimmo.com\/blog\/recrutement\"},{\"@type\":\"ListItem\",\"position\":3,\"name\":\"Vos outils et services pour r\u00e9ussir chez 3G IMMO\"}]},{\"@type\":\"WebSite\",\"@id\":\"https:\/\/3gimmo.com\/blog\/#website\",\"url\":\"https:\/\/3gimmo.com\/blog\/\",\"name\":\"Blog 3G IMMO\",\"description\":\"3G IMMO d\u00e9crypte l&#039;immobilier\",\"potentialAction\":[{\"@type\":\"SearchAction\",\"target\":{\"@type\":\"EntryPoint\",\"urlTemplate\":\"https:\/\/3gimmo.com\/blog\/?s={search_term_string}\"},\"query-input\":{\"@type\":\"PropertyValueSpecification\",\"valueRequired\":true,\"valueName\":\"search_term_string\"}}],\"inLanguage\":\"fr-FR\"}]}<\/script>\n<!-- \/ Yoast SEO plugin. -->","yoast_head_json":{"title":"Vos outils et services pour r\u00e9ussir chez 3G IMMO - Blog 3G IMMO","robots":{"index":"index","follow":"follow","max-snippet":"max-snippet:-1","max-image-preview":"max-image-preview:large","max-video-preview":"max-video-preview:-1"},"canonical":"https:\/\/3gimmo.com\/blog\/recrutement\/outils-services-3gimmo","og_locale":"fr_FR","og_type":"article","og_title":"Vos outils et services pour r\u00e9ussir chez 3G IMMO - Blog 3G IMMO","og_description":"Chez 3G IMMO, nous mettons \u00e0 votre disposition une gamme compl\u00e8te d&rsquo;outils et de services pour vous accompagner dans votre activit\u00e9 de mandataire immobilier ind\u00e9pendant. D\u00e9couvrez comment notre r\u00e9seau vous soutient au quotidien.\u200b Logiciel m\u00e9tier 3G IMMO Pro : g\u00e9rez votre activit\u00e9 en toute simplicit\u00e9 Notre plateforme, d\u00e9velopp\u00e9e en interne et accessible sur tous vos [&hellip;]","og_url":"https:\/\/3gimmo.com\/blog\/recrutement\/outils-services-3gimmo","og_site_name":"Blog 3G IMMO","article_modified_time":"2025-07-03T13:58:35+00:00","og_image":[{"width":1210,"height":200,"url":"https:\/\/3gimmo.com\/blog\/wp-content\/uploads\/2025\/04\/Ban_bandeau-recrutement_3gimmo.png","type":"image\/png"}],"twitter_card":"summary_large_image","twitter_misc":{"Est. reading time":"2 minutes"},"schema":{"@context":"https:\/\/schema.org","@graph":[{"@type":"WebPage","@id":"https:\/\/3gimmo.com\/blog\/recrutement\/outils-services-3gimmo","url":"https:\/\/3gimmo.com\/blog\/recrutement\/outils-services-3gimmo","name":"Vos outils et services pour r\u00e9ussir chez 3G IMMO - Blog 3G IMMO","isPartOf":{"@id":"https:\/\/3gimmo.com\/blog\/#website"},"primaryImageOfPage":{"@id":"https:\/\/3gimmo.com\/blog\/recrutement\/outils-services-3gimmo#primaryimage"},"image":{"@id":"https:\/\/3gimmo.com\/blog\/recrutement\/outils-services-3gimmo#primaryimage"},"thumbnailUrl":"https:\/\/3gimmo.com\/blog\/wp-content\/uploads\/2025\/04\/Ban_bandeau-recrutement_3gimmo-1024x169.png","datePublished":"2025-04-23T08:26:43+00:00","dateModified":"2025-07-03T13:58:35+00:00","breadcrumb":{"@id":"https:\/\/3gimmo.com\/blog\/recrutement\/outils-services-3gimmo#breadcrumb"},"inLanguage":"fr-FR","potentialAction":[{"@type":"ReadAction","target":["https:\/\/3gimmo.com\/blog\/recrutement\/outils-services-3gimmo"]}]},{"@type":"ImageObject","inLanguage":"fr-FR","@id":"https:\/\/3gimmo.com\/blog\/recrutement\/outils-services-3gimmo#primaryimage","url":"https:\/\/3gimmo.com\/blog\/wp-content\/uploads\/2025\/04\/Ban_bandeau-recrutement_3gimmo.png","contentUrl":"https:\/\/3gimmo.com\/blog\/wp-content\/uploads\/2025\/04\/Ban_bandeau-recrutement_3gimmo.png","width":1210,"height":200},{"@type":"BreadcrumbList","@id":"https:\/\/3gimmo.com\/blog\/recrutement\/outils-services-3gimmo#breadcrumb","itemListElement":[{"@type":"ListItem","position":1,"name":"Home","item":"https:\/\/3gimmo.com\/blog\/"},{"@type":"ListItem","position":2,"name":"Rejoindre 3G IMMO |\u00a0 R\u00e9seau de mandataires immobiliers","item":"https:\/\/3gimmo.com\/blog\/recrutement"},{"@type":"ListItem","position":3,"name":"Vos outils et services pour r\u00e9ussir chez 3G IMMO"}]},{"@type":"WebSite","@id":"https:\/\/3gimmo.com\/blog\/#website","url":"https:\/\/3gimmo.com\/blog\/","name":"Blog 3G IMMO","description":"3G IMMO d\u00e9crypte l&#039;immobilier","potentialAction":[{"@type":"SearchAction","target":{"@type":"EntryPoint","urlTemplate":"https:\/\/3gimmo.com\/blog\/?s={search_term_string}"},"query-input":{"@type":"PropertyValueSpecification","valueRequired":true,"valueName":"search_term_string"}}],"inLanguage":"fr-FR"}]}},"_links":{"self":[{"href":"https:\/\/3gimmo.com\/blog\/wp-json\/wp\/v2\/pages\/105","targetHints":{"allow":["GET"]}}],"collection":[{"href":"https:\/\/3gimmo.com\/blog\/wp-json\/wp\/v2\/pages"}],"about":[{"href":"https:\/\/3gimmo.com\/blog\/wp-json\/wp\/v2\/types\/page"}],"author":[{"embeddable":true,"href":"https:\/\/3gimmo.com\/blog\/wp-json\/wp\/v2\/users\/1"}],"replies":[{"embeddable":true,"href":"https:\/\/3gimmo.com\/blog\/wp-json\/wp\/v2\/comments?post=105"}],"version-history":[{"count":17,"href":"https:\/\/3gimmo.com\/blog\/wp-json\/wp\/v2\/pages\/105\/revisions"}],"predecessor-version":[{"id":820,"href":"https:\/\/3gimmo.com\/blog\/wp-json\/wp\/v2\/pages\/105\/revisions\/820"}],"up":[{"embeddable":true,"href":"https:\/\/3gimmo.com\/blog\/wp-json\/wp\/v2\/pages\/14"}],"wp:attachment":[{"href":"https:\/\/3gimmo.com\/blog\/wp-json\/wp\/v2\/media?parent=105"}],"curies":[{"name":"wp","href":"https:\/\/api.w.org\/{rel}","templated":true}]}}