{"id":133,"date":"2025-04-23T08:47:12","date_gmt":"2025-04-23T08:47:12","guid":{"rendered":"https:\/\/3gimmo.com\/blog\/?page_id=133"},"modified":"2025-05-06T08:44:06","modified_gmt":"2025-05-06T08:44:06","slug":"accompagnement-marketing","status":"publish","type":"page","link":"https:\/\/3gimmo.com\/blog\/recrutement\/accompagnement-marketing","title":{"rendered":"\u00a0Marketing digital pour mandataires immobiliers : d\u00e9veloppez votre visibilit\u00e9"},"content":{"rendered":"\n<p>Chez 3G IMMO, nous savons qu\u2019un bon professionnel doit aussi savoir <strong>se rendre visible<\/strong>. C\u2019est pourquoi, en plus des <a href=\"https:\/\/3gimmo.com\/blog\/recrutement\/outils-services-3gimmo\">nombreux services<\/a>, nous mettons \u00e0 votre disposition des <strong>outils de communication puissants<\/strong>, tout en vous laissant <strong>la libert\u00e9 d&rsquo;agir \u00e0 votre rythme<\/strong>, selon vos pr\u00e9f\u00e9rences.<\/p>\n\n\n\n<p>Notre objectif ? Vous permettre de <strong>vous d\u00e9marquer localement<\/strong>, de <strong>travailler votre image de marque<\/strong> et de <strong>gagner la confiance de vos prospects<\/strong>, en restant fid\u00e8le \u00e0 l&rsquo;identit\u00e9 3G IMMO.<\/p>\n\n\n\n<h2 class=\"wp-block-heading\">Les outils et services \u00e0 votre disposition<\/h2>\n\n\n\n<p>\u2714\ufe0f <strong>Un mini-site personnalis\u00e9<\/strong>, avec vos biens, votre pr\u00e9sentation et vos coordonn\u00e9es<br>\u2714\ufe0f <strong>Une carte de visite virtuelle<\/strong> d\u00e9velopp\u00e9e en interne et gratuite pour partager votre profil en un clic<br>\u2714\ufe0f <strong>Un accompagnement personnalis\u00e9<\/strong> et <strong>gratuit<\/strong> en communication digitale<br>\u2714\ufe0f <strong>La cr\u00e9ation d\u2019une fiche Google Business Profile<\/strong> pour \u00eatre trouv\u00e9 localement facilement<br>\u2714\ufe0f <strong>Deux e-boutiques personnalis\u00e9es<\/strong> pour commander vos supports print (panneaux, flyers, goodies&#8230;)<br>\u2714\ufe0f <strong>Des tutos vid\u00e9o, fiches pratiques et formations<\/strong> pour devenir autonome sur les r\u00e9seaux sociaux, la e-r\u00e9putation et la r\u00e9colte d\u2019avis clients<br>\u2714\ufe0f<strong> Du contenu cl\u00e9 en main <\/strong>pour animer vos r\u00e9seaux sociaux : pack de visuels in\u00e9dit chaque mois, biblioth\u00e8que de contenus 100% personnalisables, stickers\u2026<\/p>\n\n\n\n<div class=\"wp-block-buttons is-layout-flex wp-block-buttons-is-layout-flex\">\n<div class=\"wp-block-button\"><a class=\"wp-block-button__link wp-element-button\" href=\"https:\/\/3gimmo.com\/blog\/brochure-3gimmo\">Envie de nous rejoindre ? Demandez notre brochure \ud83d\udce9<\/a><\/div>\n<\/div>\n\n\n\n<p><\/p>\n","protected":false},"excerpt":{"rendered":"<p>Chez 3G IMMO, nous savons qu\u2019un bon professionnel doit aussi savoir se rendre visible. C\u2019est pourquoi, en plus des nombreux services, nous mettons \u00e0 votre disposition des outils de communication puissants, tout en vous laissant la libert\u00e9 d&rsquo;agir \u00e0 votre rythme, selon vos pr\u00e9f\u00e9rences. Notre objectif ? Vous permettre de vous d\u00e9marquer localement, de travailler [&hellip;]<\/p>\n","protected":false},"author":1,"featured_media":0,"parent":14,"menu_order":100,"comment_status":"closed","ping_status":"closed","template":"","meta":{"footnotes":""},"class_list":["post-133","page","type-page","status-publish","hentry"],"yoast_head":"<!-- This site is optimized with the Yoast SEO plugin v24.9 - https:\/\/yoast.com\/wordpress\/plugins\/seo\/ -->\n<title>\u00a0Marketing digital pour mandataires immobiliers : d\u00e9veloppez votre visibilit\u00e9 - Blog 3G IMMO<\/title>\n<meta name=\"robots\" content=\"index, follow, max-snippet:-1, max-image-preview:large, max-video-preview:-1\" \/>\n<link rel=\"canonical\" href=\"https:\/\/3gimmo.com\/blog\/recrutement\/accompagnement-marketing\" \/>\n<meta property=\"og:locale\" content=\"fr_FR\" \/>\n<meta property=\"og:type\" content=\"article\" \/>\n<meta property=\"og:title\" content=\"\u00a0Marketing digital pour mandataires immobiliers : d\u00e9veloppez votre visibilit\u00e9 - Blog 3G IMMO\" \/>\n<meta property=\"og:description\" content=\"Chez 3G IMMO, nous savons qu\u2019un bon professionnel doit aussi savoir se rendre visible. C\u2019est pourquoi, en plus des nombreux services, nous mettons \u00e0 votre disposition des outils de communication puissants, tout en vous laissant la libert\u00e9 d&rsquo;agir \u00e0 votre rythme, selon vos pr\u00e9f\u00e9rences. Notre objectif ? Vous permettre de vous d\u00e9marquer localement, de travailler [&hellip;]\" \/>\n<meta property=\"og:url\" content=\"https:\/\/3gimmo.com\/blog\/recrutement\/accompagnement-marketing\" \/>\n<meta property=\"og:site_name\" content=\"Blog 3G IMMO\" \/>\n<meta property=\"article:modified_time\" content=\"2025-05-06T08:44:06+00:00\" \/>\n<meta name=\"twitter:card\" content=\"summary_large_image\" \/>\n<meta name=\"twitter:label1\" content=\"Est. reading time\" \/>\n\t<meta name=\"twitter:data1\" content=\"2 minutes\" \/>\n<script type=\"application\/ld+json\" class=\"yoast-schema-graph\">{\"@context\":\"https:\/\/schema.org\",\"@graph\":[{\"@type\":\"WebPage\",\"@id\":\"https:\/\/3gimmo.com\/blog\/recrutement\/accompagnement-marketing\",\"url\":\"https:\/\/3gimmo.com\/blog\/recrutement\/accompagnement-marketing\",\"name\":\"\u00a0Marketing digital pour mandataires immobiliers : d\u00e9veloppez votre visibilit\u00e9 - Blog 3G IMMO\",\"isPartOf\":{\"@id\":\"https:\/\/3gimmo.com\/blog\/#website\"},\"datePublished\":\"2025-04-23T08:47:12+00:00\",\"dateModified\":\"2025-05-06T08:44:06+00:00\",\"breadcrumb\":{\"@id\":\"https:\/\/3gimmo.com\/blog\/recrutement\/accompagnement-marketing#breadcrumb\"},\"inLanguage\":\"fr-FR\",\"potentialAction\":[{\"@type\":\"ReadAction\",\"target\":[\"https:\/\/3gimmo.com\/blog\/recrutement\/accompagnement-marketing\"]}]},{\"@type\":\"BreadcrumbList\",\"@id\":\"https:\/\/3gimmo.com\/blog\/recrutement\/accompagnement-marketing#breadcrumb\",\"itemListElement\":[{\"@type\":\"ListItem\",\"position\":1,\"name\":\"Home\",\"item\":\"https:\/\/3gimmo.com\/blog\/\"},{\"@type\":\"ListItem\",\"position\":2,\"name\":\"Rejoindre 3G IMMO |\u00a0 R\u00e9seau de mandataires immobiliers\",\"item\":\"https:\/\/3gimmo.com\/blog\/recrutement\"},{\"@type\":\"ListItem\",\"position\":3,\"name\":\"\u00a0Marketing digital pour mandataires immobiliers : d\u00e9veloppez votre visibilit\u00e9\"}]},{\"@type\":\"WebSite\",\"@id\":\"https:\/\/3gimmo.com\/blog\/#website\",\"url\":\"https:\/\/3gimmo.com\/blog\/\",\"name\":\"Blog 3G IMMO\",\"description\":\"3G IMMO d\u00e9crypte l&#039;immobilier\",\"potentialAction\":[{\"@type\":\"SearchAction\",\"target\":{\"@type\":\"EntryPoint\",\"urlTemplate\":\"https:\/\/3gimmo.com\/blog\/?s={search_term_string}\"},\"query-input\":{\"@type\":\"PropertyValueSpecification\",\"valueRequired\":true,\"valueName\":\"search_term_string\"}}],\"inLanguage\":\"fr-FR\"}]}<\/script>\n<!-- \/ Yoast SEO plugin. -->","yoast_head_json":{"title":"\u00a0Marketing digital pour mandataires immobiliers : d\u00e9veloppez votre visibilit\u00e9 - Blog 3G IMMO","robots":{"index":"index","follow":"follow","max-snippet":"max-snippet:-1","max-image-preview":"max-image-preview:large","max-video-preview":"max-video-preview:-1"},"canonical":"https:\/\/3gimmo.com\/blog\/recrutement\/accompagnement-marketing","og_locale":"fr_FR","og_type":"article","og_title":"\u00a0Marketing digital pour mandataires immobiliers : d\u00e9veloppez votre visibilit\u00e9 - Blog 3G IMMO","og_description":"Chez 3G IMMO, nous savons qu\u2019un bon professionnel doit aussi savoir se rendre visible. C\u2019est pourquoi, en plus des nombreux services, nous mettons \u00e0 votre disposition des outils de communication puissants, tout en vous laissant la libert\u00e9 d&rsquo;agir \u00e0 votre rythme, selon vos pr\u00e9f\u00e9rences. Notre objectif ? Vous permettre de vous d\u00e9marquer localement, de travailler [&hellip;]","og_url":"https:\/\/3gimmo.com\/blog\/recrutement\/accompagnement-marketing","og_site_name":"Blog 3G IMMO","article_modified_time":"2025-05-06T08:44:06+00:00","twitter_card":"summary_large_image","twitter_misc":{"Est. reading time":"2 minutes"},"schema":{"@context":"https:\/\/schema.org","@graph":[{"@type":"WebPage","@id":"https:\/\/3gimmo.com\/blog\/recrutement\/accompagnement-marketing","url":"https:\/\/3gimmo.com\/blog\/recrutement\/accompagnement-marketing","name":"\u00a0Marketing digital pour mandataires immobiliers : d\u00e9veloppez votre visibilit\u00e9 - Blog 3G IMMO","isPartOf":{"@id":"https:\/\/3gimmo.com\/blog\/#website"},"datePublished":"2025-04-23T08:47:12+00:00","dateModified":"2025-05-06T08:44:06+00:00","breadcrumb":{"@id":"https:\/\/3gimmo.com\/blog\/recrutement\/accompagnement-marketing#breadcrumb"},"inLanguage":"fr-FR","potentialAction":[{"@type":"ReadAction","target":["https:\/\/3gimmo.com\/blog\/recrutement\/accompagnement-marketing"]}]},{"@type":"BreadcrumbList","@id":"https:\/\/3gimmo.com\/blog\/recrutement\/accompagnement-marketing#breadcrumb","itemListElement":[{"@type":"ListItem","position":1,"name":"Home","item":"https:\/\/3gimmo.com\/blog\/"},{"@type":"ListItem","position":2,"name":"Rejoindre 3G IMMO |\u00a0 R\u00e9seau de mandataires immobiliers","item":"https:\/\/3gimmo.com\/blog\/recrutement"},{"@type":"ListItem","position":3,"name":"\u00a0Marketing digital pour mandataires immobiliers : d\u00e9veloppez votre visibilit\u00e9"}]},{"@type":"WebSite","@id":"https:\/\/3gimmo.com\/blog\/#website","url":"https:\/\/3gimmo.com\/blog\/","name":"Blog 3G IMMO","description":"3G IMMO d\u00e9crypte l&#039;immobilier","potentialAction":[{"@type":"SearchAction","target":{"@type":"EntryPoint","urlTemplate":"https:\/\/3gimmo.com\/blog\/?s={search_term_string}"},"query-input":{"@type":"PropertyValueSpecification","valueRequired":true,"valueName":"search_term_string"}}],"inLanguage":"fr-FR"}]}},"_links":{"self":[{"href":"https:\/\/3gimmo.com\/blog\/wp-json\/wp\/v2\/pages\/133","targetHints":{"allow":["GET"]}}],"collection":[{"href":"https:\/\/3gimmo.com\/blog\/wp-json\/wp\/v2\/pages"}],"about":[{"href":"https:\/\/3gimmo.com\/blog\/wp-json\/wp\/v2\/types\/page"}],"author":[{"embeddable":true,"href":"https:\/\/3gimmo.com\/blog\/wp-json\/wp\/v2\/users\/1"}],"replies":[{"embeddable":true,"href":"https:\/\/3gimmo.com\/blog\/wp-json\/wp\/v2\/comments?post=133"}],"version-history":[{"count":10,"href":"https:\/\/3gimmo.com\/blog\/wp-json\/wp\/v2\/pages\/133\/revisions"}],"predecessor-version":[{"id":493,"href":"https:\/\/3gimmo.com\/blog\/wp-json\/wp\/v2\/pages\/133\/revisions\/493"}],"up":[{"embeddable":true,"href":"https:\/\/3gimmo.com\/blog\/wp-json\/wp\/v2\/pages\/14"}],"wp:attachment":[{"href":"https:\/\/3gimmo.com\/blog\/wp-json\/wp\/v2\/media?parent=133"}],"curies":[{"name":"wp","href":"https:\/\/api.w.org\/{rel}","templated":true}]}}